{"id":346,"date":"2021-05-01T10:34:32","date_gmt":"2021-05-01T08:34:32","guid":{"rendered":"https:\/\/zahnarztpraxis-weber.net\/?page_id=346"},"modified":"2021-05-05T16:05:40","modified_gmt":"2021-05-05T14:05:40","slug":"aesthetik","status":"publish","type":"page","link":"https:\/\/zahnarztpraxis-weber.net\/?page_id=346","title":{"rendered":"\u00c4sthetik"},"content":{"rendered":"\t\t<div data-elementor-type=\"wp-page\" data-elementor-id=\"346\" class=\"elementor elementor-346\">\n\t\t\t\t\t\t<section class=\"elementor-section elementor-top-section elementor-element elementor-element-5d85f7f elementor-section-full_width elementor-section-height-default elementor-section-height-default\" data-id=\"5d85f7f\" data-element_type=\"section\" data-e-type=\"section\">\n\t\t\t\t\t\t<div class=\"elementor-container elementor-column-gap-default\">\n\t\t\t\t\t<div class=\"elementor-column elementor-col-100 elementor-top-column elementor-element elementor-element-6fecb21\" data-id=\"6fecb21\" data-element_type=\"column\" data-e-type=\"column\">\n\t\t\t<div class=\"elementor-widget-wrap elementor-element-populated\">\n\t\t\t\t\t\t<div class=\"elementor-element elementor-element-16857d2 elementor-widget elementor-widget-image\" data-id=\"16857d2\" data-element_type=\"widget\" data-e-type=\"widget\" data-widget_type=\"image.default\">\n\t\t\t\t<div class=\"elementor-widget-container\">\n\t\t\t\t\t\t\t\t\t\t\t\t\t\t\t<img fetchpriority=\"high\" decoding=\"async\" width=\"2200\" height=\"861\" src=\"https:\/\/zahnarztpraxis-weber.net\/wp-content\/uploads\/zahnarztpraxis-weber-laecheln-gross.jpg\" class=\"attachment-full size-full wp-image-966\" alt=\"\" srcset=\"https:\/\/zahnarztpraxis-weber.net\/wp-content\/uploads\/zahnarztpraxis-weber-laecheln-gross.jpg 2200w, https:\/\/zahnarztpraxis-weber.net\/wp-content\/uploads\/zahnarztpraxis-weber-laecheln-gross-300x117.jpg 300w, https:\/\/zahnarztpraxis-weber.net\/wp-content\/uploads\/zahnarztpraxis-weber-laecheln-gross-1024x401.jpg 1024w, https:\/\/zahnarztpraxis-weber.net\/wp-content\/uploads\/zahnarztpraxis-weber-laecheln-gross-768x301.jpg 768w, https:\/\/zahnarztpraxis-weber.net\/wp-content\/uploads\/zahnarztpraxis-weber-laecheln-gross-1536x601.jpg 1536w, https:\/\/zahnarztpraxis-weber.net\/wp-content\/uploads\/zahnarztpraxis-weber-laecheln-gross-2048x802.jpg 2048w\" sizes=\"(max-width: 2200px) 100vw, 2200px\" \/>\t\t\t\t\t\t\t\t\t\t\t\t\t\t\t<\/div>\n\t\t\t\t<\/div>\n\t\t\t\t\t<\/div>\n\t\t<\/div>\n\t\t\t\t\t<\/div>\n\t\t<\/section>\n\t\t\t\t<section class=\"elementor-section elementor-top-section elementor-element elementor-element-6b4ff0ef elementor-section-boxed elementor-section-height-default elementor-section-height-default\" data-id=\"6b4ff0ef\" data-element_type=\"section\" data-e-type=\"section\">\n\t\t\t\t\t\t<div class=\"elementor-container elementor-column-gap-default\">\n\t\t\t\t\t<div class=\"elementor-column elementor-col-100 elementor-top-column elementor-element elementor-element-1ace479f\" data-id=\"1ace479f\" data-element_type=\"column\" data-e-type=\"column\">\n\t\t\t<div class=\"elementor-widget-wrap elementor-element-populated\">\n\t\t\t\t\t\t<div class=\"elementor-element elementor-element-06959de elementor-widget elementor-widget-heading\" data-id=\"06959de\" data-element_type=\"widget\" data-e-type=\"widget\" data-widget_type=\"heading.default\">\n\t\t\t\t<div class=\"elementor-widget-container\">\n\t\t\t\t\t<h1 class=\"elementor-heading-title elementor-size-default\">\u00c4sthetik<\/h1>\t\t\t\t<\/div>\n\t\t\t\t<\/div>\n\t\t\t\t<div class=\"elementor-element elementor-element-17911fea elementor-widget elementor-widget-text-editor\" data-id=\"17911fea\" data-element_type=\"widget\" data-e-type=\"widget\" data-widget_type=\"text-editor.default\">\n\t\t\t\t<div class=\"elementor-widget-container\">\n\t\t\t\t\t\t\t\t\t\n<p>In unserer modernen Welt spielt ein sch\u00f6nes L\u00e4cheln eine immer wichtigere Rolle. Wir unterst\u00fctzen Sie mit unserer Behandlung. Damit Sie Ihr sch\u00f6nes L\u00e4cheln ein Leben lang behalten.<\/p>\n<p>\u00a0<\/p>\n\n<h5>Unser Leistungsspektrum umfasst hierbei unter anderem:<\/h5>\n<p>\u00a0<\/p>\n\n<ul class=\"wp-block-list\">\n<li>Individuelle professionelle Zahnreinigung und Beratung durch unsere ausgebildete Prophylaxeassistentin (ZMP)<\/li>\n<\/ul>\n\n<ul class=\"wp-block-list\">\n<li>Zahnbleaching<\/li>\n<\/ul>\n\n<ul class=\"wp-block-list\">\n<li>F\u00fcllungen mit Cham\u00e4leoneffekt im Frontzahnbereich mit optimaler Anpassung an Ihre Zahnfarbe<\/li>\n<\/ul>\n\n<ul class=\"wp-block-list\">\n<li>individuelle farblich angepasste Kronen<\/li>\n<\/ul>\n\t\t\t\t\t\t\t\t<\/div>\n\t\t\t\t<\/div>\n\t\t\t\t\t<\/div>\n\t\t<\/div>\n\t\t\t\t\t<\/div>\n\t\t<\/section>\n\t\t\t\t<\/div>\n\t\t","protected":false},"excerpt":{"rendered":"<p>\u00c4sthetik In unserer modernen Welt spielt ein sch\u00f6nes L\u00e4cheln eine immer wichtigere Rolle. Wir unterst\u00fctzen Sie mit unserer Behandlung. Damit Sie Ihr sch\u00f6nes L\u00e4cheln ein Leben lang behalten. \u00a0 Unser Leistungsspektrum umfasst hierbei unter anderem: \u00a0 Individuelle professionelle Zahnreinigung und Beratung durch unsere ausgebildete Prophylaxeassistentin (ZMP) Zahnbleaching F\u00fcllungen mit Cham\u00e4leoneffekt im Frontzahnbereich mit optimaler Anpassung [&hellip;]<\/p>\n","protected":false},"author":1,"featured_media":0,"parent":0,"menu_order":0,"comment_status":"closed","ping_status":"closed","template":"elementor_header_footer","meta":{"_regular_price":[],"currency_symbol":[],"footnotes":""},"class_list":["post-346","page","type-page","status-publish","hentry"],"post_slider_layout_featured_media_urls":{"thumbnail":"","post_slider_layout_landscape_large":"","post_slider_layout_portrait_large":"","post_slider_layout_square_large":"","post_slider_layout_landscape":"","post_slider_layout_portrait":"","post_slider_layout_square":"","full":""},"_links":{"self":[{"href":"https:\/\/zahnarztpraxis-weber.net\/index.php?rest_route=\/wp\/v2\/pages\/346","targetHints":{"allow":["GET"]}}],"collection":[{"href":"https:\/\/zahnarztpraxis-weber.net\/index.php?rest_route=\/wp\/v2\/pages"}],"about":[{"href":"https:\/\/zahnarztpraxis-weber.net\/index.php?rest_route=\/wp\/v2\/types\/page"}],"author":[{"embeddable":true,"href":"https:\/\/zahnarztpraxis-weber.net\/index.php?rest_route=\/wp\/v2\/users\/1"}],"replies":[{"embeddable":true,"href":"https:\/\/zahnarztpraxis-weber.net\/index.php?rest_route=%2Fwp%2Fv2%2Fcomments&post=346"}],"version-history":[{"count":18,"href":"https:\/\/zahnarztpraxis-weber.net\/index.php?rest_route=\/wp\/v2\/pages\/346\/revisions"}],"predecessor-version":[{"id":1175,"href":"https:\/\/zahnarztpraxis-weber.net\/index.php?rest_route=\/wp\/v2\/pages\/346\/revisions\/1175"}],"wp:attachment":[{"href":"https:\/\/zahnarztpraxis-weber.net\/index.php?rest_route=%2Fwp%2Fv2%2Fmedia&parent=346"}],"curies":[{"name":"wp","href":"https:\/\/api.w.org\/{rel}","templated":true}]}}

Ästhetik

<div data-elementor-type="wp-page" data-elementor-id="346" class="elementor elementor-346">
						<section class="elementor-section elementor-top-section elementor-element elementor-element-5d85f7f elementor-section-full_width elementor-section-height-default elementor-section-height-default" data-id="5d85f7f" data-element_type="section" data-e-type="section">
						<div class="elementor-container elementor-column-gap-default">
					<div class="elementor-column elementor-col-100 elementor-top-column elementor-element elementor-element-6fecb21" data-id="6fecb21" data-element_type="column" data-e-type="column">
			<div class="elementor-widget-wrap elementor-element-populated">
						<div class="elementor-element elementor-element-16857d2 elementor-widget elementor-widget-image" data-id="16857d2" data-element_type="widget" data-e-type="widget" data-widget_type="image.default">
				<div class="elementor-widget-container">
															<img fetchpriority="high" decoding="async" width="2200" height="861" src="https://zahnarztpraxis-weber.net/wp-content/uploads/zahnarztpraxis-weber-laecheln-gross.jpg" class="attachment-full size-full wp-image-966" alt="" srcset="https://zahnarztpraxis-weber.net/wp-content/uploads/zahnarztpraxis-weber-laecheln-gross.jpg 2200w, https://zahnarztpraxis-weber.net/wp-content/uploads/zahnarztpraxis-weber-laecheln-gross-300x117.jpg 300w, https://zahnarztpraxis-weber.net/wp-content/uploads/zahnarztpraxis-weber-laecheln-gross-1024x401.jpg 1024w, https://zahnarztpraxis-weber.net/wp-content/uploads/zahnarztpraxis-weber-laecheln-gross-768x301.jpg 768w, https://zahnarztpraxis-weber.net/wp-content/uploads/zahnarztpraxis-weber-laecheln-gross-1536x601.jpg 1536w, https://zahnarztpraxis-weber.net/wp-content/uploads/zahnarztpraxis-weber-laecheln-gross-2048x802.jpg 2048w" sizes="(max-width: 2200px) 100vw, 2200px" />															</div>
				</div>
					</div>
		</div>
					</div>
		</section>
				<section class="elementor-section elementor-top-section elementor-element elementor-element-6b4ff0ef elementor-section-boxed elementor-section-height-default elementor-section-height-default" data-id="6b4ff0ef" data-element_type="section" data-e-type="section">
						<div class="elementor-container elementor-column-gap-default">
					<div class="elementor-column elementor-col-100 elementor-top-column elementor-element elementor-element-1ace479f" data-id="1ace479f" data-element_type="column" data-e-type="column">
			<div class="elementor-widget-wrap elementor-element-populated">
						<div class="elementor-element elementor-element-06959de elementor-widget elementor-widget-heading" data-id="06959de" data-element_type="widget" data-e-type="widget" data-widget_type="heading.default">
				<div class="elementor-widget-container">
					<h1 class="elementor-heading-title elementor-size-default">Ästhetik</h1>				</div>
				</div>
				<div class="elementor-element elementor-element-17911fea elementor-widget elementor-widget-text-editor" data-id="17911fea" data-element_type="widget" data-e-type="widget" data-widget_type="text-editor.default">
				<div class="elementor-widget-container">
									
<p>In unserer modernen Welt spielt ein schönes Lächeln eine immer wichtigere Rolle. Wir unterstützen Sie mit unserer Behandlung. Damit Sie Ihr schönes Lächeln ein Leben lang behalten.</p>
<p> </p>

<h5>Unser Leistungsspektrum umfasst hierbei unter anderem:</h5>
<p> </p>

<ul class="wp-block-list">
<li>Individuelle professionelle Zahnreinigung und Beratung durch unsere ausgebildete Prophylaxeassistentin (ZMP)</li>
</ul>

<ul class="wp-block-list">
<li>Zahnbleaching</li>
</ul>

<ul class="wp-block-list">
<li>Füllungen mit Chamäleoneffekt im Frontzahnbereich mit optimaler Anpassung an Ihre Zahnfarbe</li>
</ul>

<ul class="wp-block-list">
<li>individuelle farblich angepasste Kronen</li>
</ul>
								</div>
				</div>
					</div>
		</div>
					</div>
		</section>
				</div>

<p>Ästhetik In unserer modernen Welt spielt ein schönes Lächeln eine immer wichtigere Rolle. Wir unterstützen Sie mit unserer Behandlung. Damit Sie Ihr schönes Lächeln ein Leben lang behalten.   Unser Leistungsspektrum umfasst hierbei unter anderem:   Individuelle professionelle Zahnreinigung und Beratung durch unsere ausgebildete Prophylaxeassistentin (ZMP) Zahnbleaching Füllungen mit Chamäleoneffekt im Frontzahnbereich mit optimaler Anpassung [&hellip;]</p>
