{"id":340,"date":"2021-05-01T10:31:51","date_gmt":"2021-05-01T08:31:51","guid":{"rendered":"https:\/\/zahnarztpraxis-weber.net\/?page_id=340"},"modified":"2021-05-05T16:04:28","modified_gmt":"2021-05-05T14:04:28","slug":"implantologie","status":"publish","type":"page","link":"https:\/\/zahnarztpraxis-weber.net\/?page_id=340","title":{"rendered":"Implantologie"},"content":{"rendered":"\t\t<div data-elementor-type=\"wp-page\" data-elementor-id=\"340\" class=\"elementor elementor-340\">\n\t\t\t\t\t\t<section class=\"elementor-section elementor-top-section elementor-element elementor-element-7b8ea82 elementor-section-full_width elementor-section-height-default elementor-section-height-default\" data-id=\"7b8ea82\" data-element_type=\"section\" data-e-type=\"section\">\n\t\t\t\t\t\t<div class=\"elementor-container elementor-column-gap-default\">\n\t\t\t\t\t<div class=\"elementor-column elementor-col-100 elementor-top-column elementor-element elementor-element-21ea65f\" data-id=\"21ea65f\" data-element_type=\"column\" data-e-type=\"column\">\n\t\t\t<div class=\"elementor-widget-wrap elementor-element-populated\">\n\t\t\t\t\t\t<div class=\"elementor-element elementor-element-c4f4239 elementor-widget elementor-widget-image\" data-id=\"c4f4239\" data-element_type=\"widget\" data-e-type=\"widget\" data-widget_type=\"image.default\">\n\t\t\t\t<div class=\"elementor-widget-container\">\n\t\t\t\t\t\t\t\t\t\t\t\t\t\t\t<img fetchpriority=\"high\" decoding=\"async\" width=\"2200\" height=\"861\" src=\"https:\/\/zahnarztpraxis-weber.net\/wp-content\/uploads\/zahnarztpraxis-weber-laecheln-gross.jpg\" class=\"attachment-full size-full wp-image-966\" alt=\"\" srcset=\"https:\/\/zahnarztpraxis-weber.net\/wp-content\/uploads\/zahnarztpraxis-weber-laecheln-gross.jpg 2200w, https:\/\/zahnarztpraxis-weber.net\/wp-content\/uploads\/zahnarztpraxis-weber-laecheln-gross-300x117.jpg 300w, https:\/\/zahnarztpraxis-weber.net\/wp-content\/uploads\/zahnarztpraxis-weber-laecheln-gross-1024x401.jpg 1024w, https:\/\/zahnarztpraxis-weber.net\/wp-content\/uploads\/zahnarztpraxis-weber-laecheln-gross-768x301.jpg 768w, https:\/\/zahnarztpraxis-weber.net\/wp-content\/uploads\/zahnarztpraxis-weber-laecheln-gross-1536x601.jpg 1536w, https:\/\/zahnarztpraxis-weber.net\/wp-content\/uploads\/zahnarztpraxis-weber-laecheln-gross-2048x802.jpg 2048w\" sizes=\"(max-width: 2200px) 100vw, 2200px\" \/>\t\t\t\t\t\t\t\t\t\t\t\t\t\t\t<\/div>\n\t\t\t\t<\/div>\n\t\t\t\t\t<\/div>\n\t\t<\/div>\n\t\t\t\t\t<\/div>\n\t\t<\/section>\n\t\t\t\t<section class=\"elementor-section elementor-top-section elementor-element elementor-element-799d68bd elementor-section-boxed elementor-section-height-default elementor-section-height-default\" data-id=\"799d68bd\" data-element_type=\"section\" data-e-type=\"section\">\n\t\t\t\t\t\t<div class=\"elementor-container elementor-column-gap-default\">\n\t\t\t\t\t<div class=\"elementor-column elementor-col-100 elementor-top-column elementor-element elementor-element-136ea716\" data-id=\"136ea716\" data-element_type=\"column\" data-e-type=\"column\">\n\t\t\t<div class=\"elementor-widget-wrap elementor-element-populated\">\n\t\t\t\t\t\t<div class=\"elementor-element elementor-element-a489d8b elementor-widget elementor-widget-heading\" data-id=\"a489d8b\" data-element_type=\"widget\" data-e-type=\"widget\" data-widget_type=\"heading.default\">\n\t\t\t\t<div class=\"elementor-widget-container\">\n\t\t\t\t\t<h1 class=\"elementor-heading-title elementor-size-default\">Implantologie<\/h1>\t\t\t\t<\/div>\n\t\t\t\t<\/div>\n\t\t\t\t<div class=\"elementor-element elementor-element-251701f0 elementor-widget elementor-widget-text-editor\" data-id=\"251701f0\" data-element_type=\"widget\" data-e-type=\"widget\" data-widget_type=\"text-editor.default\">\n\t\t\t\t<div class=\"elementor-widget-container\">\n\t\t\t\t\t\t\t\t\t\n<p>Zahnverlust kann verschiedene Ursachen haben. Durch die Implantologie sind wir in der Lage, den Zahnverlust modern zu behandeln. Wir arbeiten zur Implantation mit unseren Kieferchirurgen in der n\u00e4heren Umgebung zusammen und versorgen Sie anschlie\u00dfend umfassend bei uns in der Praxis mit dem passenden Zahnersatz und f\u00fchren die Nachsorge durch. Wir sind davon \u00fcberzeugt Ihnen mit diesem Konzept die best m\u00f6gliche Versorgung zu bieten, bei der ein spezialisierter Mund-Kiefer-Gesichtschirurg das Zahniplantat setzt w\u00e4hrend wir den Zahnersatz aufbauen und die weitere Versorgung \u00fcbernehmen.<\/p>\n<p>\u00a0<\/p>\n\n<h5>Unser Leisungsspektrum umfasst:<\/h5>\n<p>\u00a0<\/p>\n\n<ul class=\"wp-block-list\">\n<li>Implantat getragene Einzelzahnversorgung<\/li>\n<\/ul>\n\n<ul class=\"wp-block-list\">\n<li>Implantat getragene Br\u00fccken<\/li>\n<\/ul>\n\n<ul class=\"wp-block-list\">\n<li>Implantat getragene Prothesen<\/li>\n<\/ul>\n\t\t\t\t\t\t\t\t<\/div>\n\t\t\t\t<\/div>\n\t\t\t\t\t<\/div>\n\t\t<\/div>\n\t\t\t\t\t<\/div>\n\t\t<\/section>\n\t\t\t\t<\/div>\n\t\t","protected":false},"excerpt":{"rendered":"<p>Implantologie Zahnverlust kann verschiedene Ursachen haben. Durch die Implantologie sind wir in der Lage, den Zahnverlust modern zu behandeln. Wir arbeiten zur Implantation mit unseren Kieferchirurgen in der n\u00e4heren Umgebung zusammen und versorgen Sie anschlie\u00dfend umfassend bei uns in der Praxis mit dem passenden Zahnersatz und f\u00fchren die Nachsorge durch. Wir sind davon \u00fcberzeugt Ihnen [&hellip;]<\/p>\n","protected":false},"author":1,"featured_media":0,"parent":0,"menu_order":0,"comment_status":"closed","ping_status":"closed","template":"elementor_header_footer","meta":{"_regular_price":[],"currency_symbol":[],"footnotes":""},"class_list":["post-340","page","type-page","status-publish","hentry"],"post_slider_layout_featured_media_urls":{"thumbnail":"","post_slider_layout_landscape_large":"","post_slider_layout_portrait_large":"","post_slider_layout_square_large":"","post_slider_layout_landscape":"","post_slider_layout_portrait":"","post_slider_layout_square":"","full":""},"_links":{"self":[{"href":"https:\/\/zahnarztpraxis-weber.net\/index.php?rest_route=\/wp\/v2\/pages\/340","targetHints":{"allow":["GET"]}}],"collection":[{"href":"https:\/\/zahnarztpraxis-weber.net\/index.php?rest_route=\/wp\/v2\/pages"}],"about":[{"href":"https:\/\/zahnarztpraxis-weber.net\/index.php?rest_route=\/wp\/v2\/types\/page"}],"author":[{"embeddable":true,"href":"https:\/\/zahnarztpraxis-weber.net\/index.php?rest_route=\/wp\/v2\/users\/1"}],"replies":[{"embeddable":true,"href":"https:\/\/zahnarztpraxis-weber.net\/index.php?rest_route=%2Fwp%2Fv2%2Fcomments&post=340"}],"version-history":[{"count":19,"href":"https:\/\/zahnarztpraxis-weber.net\/index.php?rest_route=\/wp\/v2\/pages\/340\/revisions"}],"predecessor-version":[{"id":1169,"href":"https:\/\/zahnarztpraxis-weber.net\/index.php?rest_route=\/wp\/v2\/pages\/340\/revisions\/1169"}],"wp:attachment":[{"href":"https:\/\/zahnarztpraxis-weber.net\/index.php?rest_route=%2Fwp%2Fv2%2Fmedia&parent=340"}],"curies":[{"name":"wp","href":"https:\/\/api.w.org\/{rel}","templated":true}]}}

<div data-elementor-type="wp-page" data-elementor-id="340" class="elementor elementor-340">
						<section class="elementor-section elementor-top-section elementor-element elementor-element-7b8ea82 elementor-section-full_width elementor-section-height-default elementor-section-height-default" data-id="7b8ea82" data-element_type="section" data-e-type="section">
						<div class="elementor-container elementor-column-gap-default">
					<div class="elementor-column elementor-col-100 elementor-top-column elementor-element elementor-element-21ea65f" data-id="21ea65f" data-element_type="column" data-e-type="column">
			<div class="elementor-widget-wrap elementor-element-populated">
						<div class="elementor-element elementor-element-c4f4239 elementor-widget elementor-widget-image" data-id="c4f4239" data-element_type="widget" data-e-type="widget" data-widget_type="image.default">
				<div class="elementor-widget-container">
															<img fetchpriority="high" decoding="async" width="2200" height="861" src="https://zahnarztpraxis-weber.net/wp-content/uploads/zahnarztpraxis-weber-laecheln-gross.jpg" class="attachment-full size-full wp-image-966" alt="" srcset="https://zahnarztpraxis-weber.net/wp-content/uploads/zahnarztpraxis-weber-laecheln-gross.jpg 2200w, https://zahnarztpraxis-weber.net/wp-content/uploads/zahnarztpraxis-weber-laecheln-gross-300x117.jpg 300w, https://zahnarztpraxis-weber.net/wp-content/uploads/zahnarztpraxis-weber-laecheln-gross-1024x401.jpg 1024w, https://zahnarztpraxis-weber.net/wp-content/uploads/zahnarztpraxis-weber-laecheln-gross-768x301.jpg 768w, https://zahnarztpraxis-weber.net/wp-content/uploads/zahnarztpraxis-weber-laecheln-gross-1536x601.jpg 1536w, https://zahnarztpraxis-weber.net/wp-content/uploads/zahnarztpraxis-weber-laecheln-gross-2048x802.jpg 2048w" sizes="(max-width: 2200px) 100vw, 2200px" />															</div>
				</div>
					</div>
		</div>
					</div>
		</section>
				<section class="elementor-section elementor-top-section elementor-element elementor-element-799d68bd elementor-section-boxed elementor-section-height-default elementor-section-height-default" data-id="799d68bd" data-element_type="section" data-e-type="section">
						<div class="elementor-container elementor-column-gap-default">
					<div class="elementor-column elementor-col-100 elementor-top-column elementor-element elementor-element-136ea716" data-id="136ea716" data-element_type="column" data-e-type="column">
			<div class="elementor-widget-wrap elementor-element-populated">
						<div class="elementor-element elementor-element-a489d8b elementor-widget elementor-widget-heading" data-id="a489d8b" data-element_type="widget" data-e-type="widget" data-widget_type="heading.default">
				<div class="elementor-widget-container">
					<h1 class="elementor-heading-title elementor-size-default">Implantologie</h1>				</div>
				</div>
				<div class="elementor-element elementor-element-251701f0 elementor-widget elementor-widget-text-editor" data-id="251701f0" data-element_type="widget" data-e-type="widget" data-widget_type="text-editor.default">
				<div class="elementor-widget-container">
									
<p>Zahnverlust kann verschiedene Ursachen haben. Durch die Implantologie sind wir in der Lage, den Zahnverlust modern zu behandeln. Wir arbeiten zur Implantation mit unseren Kieferchirurgen in der näheren Umgebung zusammen und versorgen Sie anschließend umfassend bei uns in der Praxis mit dem passenden Zahnersatz und führen die Nachsorge durch. Wir sind davon überzeugt Ihnen mit diesem Konzept die best mögliche Versorgung zu bieten, bei der ein spezialisierter Mund-Kiefer-Gesichtschirurg das Zahniplantat setzt während wir den Zahnersatz aufbauen und die weitere Versorgung übernehmen.</p>
<p> </p>

<h5>Unser Leisungsspektrum umfasst:</h5>
<p> </p>

<ul class="wp-block-list">
<li>Implantat getragene Einzelzahnversorgung</li>
</ul>

<ul class="wp-block-list">
<li>Implantat getragene Brücken</li>
</ul>

<ul class="wp-block-list">
<li>Implantat getragene Prothesen</li>
</ul>
								</div>
				</div>
					</div>
		</div>
					</div>
		</section>
				</div>

<p>Implantologie Zahnverlust kann verschiedene Ursachen haben. Durch die Implantologie sind wir in der Lage, den Zahnverlust modern zu behandeln. Wir arbeiten zur Implantation mit unseren Kieferchirurgen in der näheren Umgebung zusammen und versorgen Sie anschließend umfassend bei uns in der Praxis mit dem passenden Zahnersatz und führen die Nachsorge durch. Wir sind davon überzeugt Ihnen [&hellip;]</p>
