{"id":297,"date":"2021-04-29T22:21:27","date_gmt":"2021-04-29T20:21:27","guid":{"rendered":"https:\/\/zahnarztpraxis-weber.net\/?page_id=297"},"modified":"2021-05-05T15:52:46","modified_gmt":"2021-05-05T13:52:46","slug":"zahnerhaltung","status":"publish","type":"page","link":"https:\/\/zahnarztpraxis-weber.net\/?page_id=297","title":{"rendered":"Zahnerhaltung"},"content":{"rendered":"\t\t<div data-elementor-type=\"wp-page\" data-elementor-id=\"297\" class=\"elementor elementor-297\">\n\t\t\t\t\t\t<section class=\"elementor-section elementor-top-section elementor-element elementor-element-11ea710 elementor-section-full_width elementor-section-height-default elementor-section-height-default\" data-id=\"11ea710\" data-element_type=\"section\" data-e-type=\"section\">\n\t\t\t\t\t\t<div class=\"elementor-container elementor-column-gap-default\">\n\t\t\t\t\t<div class=\"elementor-column elementor-col-100 elementor-top-column elementor-element elementor-element-148974b\" data-id=\"148974b\" data-element_type=\"column\" data-e-type=\"column\">\n\t\t\t<div class=\"elementor-widget-wrap elementor-element-populated\">\n\t\t\t\t\t\t<div class=\"elementor-element elementor-element-7fce735 elementor-widget elementor-widget-image\" data-id=\"7fce735\" data-element_type=\"widget\" data-e-type=\"widget\" data-widget_type=\"image.default\">\n\t\t\t\t<div class=\"elementor-widget-container\">\n\t\t\t\t\t\t\t\t\t\t\t\t\t\t\t<img fetchpriority=\"high\" decoding=\"async\" width=\"2200\" height=\"861\" src=\"https:\/\/zahnarztpraxis-weber.net\/wp-content\/uploads\/zahnarztpraxis-weber-laecheln-gross.jpg\" class=\"attachment-full size-full wp-image-966\" alt=\"\" srcset=\"https:\/\/zahnarztpraxis-weber.net\/wp-content\/uploads\/zahnarztpraxis-weber-laecheln-gross.jpg 2200w, https:\/\/zahnarztpraxis-weber.net\/wp-content\/uploads\/zahnarztpraxis-weber-laecheln-gross-300x117.jpg 300w, https:\/\/zahnarztpraxis-weber.net\/wp-content\/uploads\/zahnarztpraxis-weber-laecheln-gross-1024x401.jpg 1024w, https:\/\/zahnarztpraxis-weber.net\/wp-content\/uploads\/zahnarztpraxis-weber-laecheln-gross-768x301.jpg 768w, https:\/\/zahnarztpraxis-weber.net\/wp-content\/uploads\/zahnarztpraxis-weber-laecheln-gross-1536x601.jpg 1536w, https:\/\/zahnarztpraxis-weber.net\/wp-content\/uploads\/zahnarztpraxis-weber-laecheln-gross-2048x802.jpg 2048w\" sizes=\"(max-width: 2200px) 100vw, 2200px\" \/>\t\t\t\t\t\t\t\t\t\t\t\t\t\t\t<\/div>\n\t\t\t\t<\/div>\n\t\t\t\t\t<\/div>\n\t\t<\/div>\n\t\t\t\t\t<\/div>\n\t\t<\/section>\n\t\t\t\t<section class=\"elementor-section elementor-top-section elementor-element elementor-element-6b4ee148 elementor-section-boxed elementor-section-height-default elementor-section-height-default\" data-id=\"6b4ee148\" data-element_type=\"section\" data-e-type=\"section\">\n\t\t\t\t\t\t<div class=\"elementor-container elementor-column-gap-default\">\n\t\t\t\t\t<div class=\"elementor-column elementor-col-100 elementor-top-column elementor-element elementor-element-621c8784\" data-id=\"621c8784\" data-element_type=\"column\" data-e-type=\"column\">\n\t\t\t<div class=\"elementor-widget-wrap elementor-element-populated\">\n\t\t\t\t\t\t<div class=\"elementor-element elementor-element-2f8eeea elementor-widget elementor-widget-heading\" data-id=\"2f8eeea\" data-element_type=\"widget\" data-e-type=\"widget\" data-widget_type=\"heading.default\">\n\t\t\t\t<div class=\"elementor-widget-container\">\n\t\t\t\t\t<h1 class=\"elementor-heading-title elementor-size-default\">Zahnerhaltung<\/h1>\t\t\t\t<\/div>\n\t\t\t\t<\/div>\n\t\t\t\t<div class=\"elementor-element elementor-element-6f001ac4 elementor-widget elementor-widget-text-editor\" data-id=\"6f001ac4\" data-element_type=\"widget\" data-e-type=\"widget\" data-widget_type=\"text-editor.default\">\n\t\t\t\t<div class=\"elementor-widget-container\">\n\t\t\t\t\t\t\t\t\t\n<p>Manchmal reichen leider weder gewissenhafte Zahnpflege, noch vorbildliche Mundhygiene, regelm\u00e4\u00dfige Kontrollbesuche beim Zahnarzt und professionelle Prophylaxebehandlungen aus, um Zahnprobleme v\u00f6llig zu vermeiden.<\/p>\n\n<p>Doch bevor Sie einen oder gar mehrere Z\u00e4hne verlieren, sorgen wir mit zahn\u00e4rztlichem Geschick und den modernsten Behandlungsmethoden f\u00fcr Ihren Zahnerhalt und beraten Sie individuell und kompetent bei der Auswahl des richtigen F\u00fcllungsmaterials.<\/p>\n<p>\u00a0<\/p>\n\n<h5>Unser Leisungsspektrum umfasst:<\/h5>\n<p>\u00a0<\/p>\n\n<ul class=\"wp-block-list\">\n<li>amalgamfreie Compositf\u00fcllungen (Kunststoff)<\/li>\n<\/ul>\n\n<ul class=\"wp-block-list\">\n<li>hochwertigen Keramikf\u00fcllungen<\/li>\n<\/ul>\n\n<ul class=\"wp-block-list\">\n<li>Inlays aus Gold oder Keramik<\/li>\n<\/ul>\n\n<ul class=\"wp-block-list\">\n<li>Wurzelkanalbehandlugen<\/li>\n<\/ul>\n\t\t\t\t\t\t\t\t<\/div>\n\t\t\t\t<\/div>\n\t\t\t\t\t<\/div>\n\t\t<\/div>\n\t\t\t\t\t<\/div>\n\t\t<\/section>\n\t\t\t\t<\/div>\n\t\t","protected":false},"excerpt":{"rendered":"<p>Zahnerhaltung Manchmal reichen leider weder gewissenhafte Zahnpflege, noch vorbildliche Mundhygiene, regelm\u00e4\u00dfige Kontrollbesuche beim Zahnarzt und professionelle Prophylaxebehandlungen aus, um Zahnprobleme v\u00f6llig zu vermeiden. Doch bevor Sie einen oder gar mehrere Z\u00e4hne verlieren, sorgen wir mit zahn\u00e4rztlichem Geschick und den modernsten Behandlungsmethoden f\u00fcr Ihren Zahnerhalt und beraten Sie individuell und kompetent bei der Auswahl des richtigen [&hellip;]<\/p>\n","protected":false},"author":1,"featured_media":0,"parent":0,"menu_order":0,"comment_status":"closed","ping_status":"closed","template":"elementor_header_footer","meta":{"_regular_price":[],"currency_symbol":[],"footnotes":""},"class_list":["post-297","page","type-page","status-publish","hentry"],"post_slider_layout_featured_media_urls":{"thumbnail":"","post_slider_layout_landscape_large":"","post_slider_layout_portrait_large":"","post_slider_layout_square_large":"","post_slider_layout_landscape":"","post_slider_layout_portrait":"","post_slider_layout_square":"","full":""},"_links":{"self":[{"href":"https:\/\/zahnarztpraxis-weber.net\/index.php?rest_route=\/wp\/v2\/pages\/297","targetHints":{"allow":["GET"]}}],"collection":[{"href":"https:\/\/zahnarztpraxis-weber.net\/index.php?rest_route=\/wp\/v2\/pages"}],"about":[{"href":"https:\/\/zahnarztpraxis-weber.net\/index.php?rest_route=\/wp\/v2\/types\/page"}],"author":[{"embeddable":true,"href":"https:\/\/zahnarztpraxis-weber.net\/index.php?rest_route=\/wp\/v2\/users\/1"}],"replies":[{"embeddable":true,"href":"https:\/\/zahnarztpraxis-weber.net\/index.php?rest_route=%2Fwp%2Fv2%2Fcomments&post=297"}],"version-history":[{"count":22,"href":"https:\/\/zahnarztpraxis-weber.net\/index.php?rest_route=\/wp\/v2\/pages\/297\/revisions"}],"predecessor-version":[{"id":1156,"href":"https:\/\/zahnarztpraxis-weber.net\/index.php?rest_route=\/wp\/v2\/pages\/297\/revisions\/1156"}],"wp:attachment":[{"href":"https:\/\/zahnarztpraxis-weber.net\/index.php?rest_route=%2Fwp%2Fv2%2Fmedia&parent=297"}],"curies":[{"name":"wp","href":"https:\/\/api.w.org\/{rel}","templated":true}]}}

<div data-elementor-type="wp-page" data-elementor-id="297" class="elementor elementor-297">
						<section class="elementor-section elementor-top-section elementor-element elementor-element-11ea710 elementor-section-full_width elementor-section-height-default elementor-section-height-default" data-id="11ea710" data-element_type="section" data-e-type="section">
						<div class="elementor-container elementor-column-gap-default">
					<div class="elementor-column elementor-col-100 elementor-top-column elementor-element elementor-element-148974b" data-id="148974b" data-element_type="column" data-e-type="column">
			<div class="elementor-widget-wrap elementor-element-populated">
						<div class="elementor-element elementor-element-7fce735 elementor-widget elementor-widget-image" data-id="7fce735" data-element_type="widget" data-e-type="widget" data-widget_type="image.default">
				<div class="elementor-widget-container">
															<img fetchpriority="high" decoding="async" width="2200" height="861" src="https://zahnarztpraxis-weber.net/wp-content/uploads/zahnarztpraxis-weber-laecheln-gross.jpg" class="attachment-full size-full wp-image-966" alt="" srcset="https://zahnarztpraxis-weber.net/wp-content/uploads/zahnarztpraxis-weber-laecheln-gross.jpg 2200w, https://zahnarztpraxis-weber.net/wp-content/uploads/zahnarztpraxis-weber-laecheln-gross-300x117.jpg 300w, https://zahnarztpraxis-weber.net/wp-content/uploads/zahnarztpraxis-weber-laecheln-gross-1024x401.jpg 1024w, https://zahnarztpraxis-weber.net/wp-content/uploads/zahnarztpraxis-weber-laecheln-gross-768x301.jpg 768w, https://zahnarztpraxis-weber.net/wp-content/uploads/zahnarztpraxis-weber-laecheln-gross-1536x601.jpg 1536w, https://zahnarztpraxis-weber.net/wp-content/uploads/zahnarztpraxis-weber-laecheln-gross-2048x802.jpg 2048w" sizes="(max-width: 2200px) 100vw, 2200px" />															</div>
				</div>
					</div>
		</div>
					</div>
		</section>
				<section class="elementor-section elementor-top-section elementor-element elementor-element-6b4ee148 elementor-section-boxed elementor-section-height-default elementor-section-height-default" data-id="6b4ee148" data-element_type="section" data-e-type="section">
						<div class="elementor-container elementor-column-gap-default">
					<div class="elementor-column elementor-col-100 elementor-top-column elementor-element elementor-element-621c8784" data-id="621c8784" data-element_type="column" data-e-type="column">
			<div class="elementor-widget-wrap elementor-element-populated">
						<div class="elementor-element elementor-element-2f8eeea elementor-widget elementor-widget-heading" data-id="2f8eeea" data-element_type="widget" data-e-type="widget" data-widget_type="heading.default">
				<div class="elementor-widget-container">
					<h1 class="elementor-heading-title elementor-size-default">Zahnerhaltung</h1>				</div>
				</div>
				<div class="elementor-element elementor-element-6f001ac4 elementor-widget elementor-widget-text-editor" data-id="6f001ac4" data-element_type="widget" data-e-type="widget" data-widget_type="text-editor.default">
				<div class="elementor-widget-container">
									
<p>Manchmal reichen leider weder gewissenhafte Zahnpflege, noch vorbildliche Mundhygiene, regelmäßige Kontrollbesuche beim Zahnarzt und professionelle Prophylaxebehandlungen aus, um Zahnprobleme völlig zu vermeiden.</p>

<p>Doch bevor Sie einen oder gar mehrere Zähne verlieren, sorgen wir mit zahnärztlichem Geschick und den modernsten Behandlungsmethoden für Ihren Zahnerhalt und beraten Sie individuell und kompetent bei der Auswahl des richtigen Füllungsmaterials.</p>
<p> </p>

<h5>Unser Leisungsspektrum umfasst:</h5>
<p> </p>

<ul class="wp-block-list">
<li>amalgamfreie Compositfüllungen (Kunststoff)</li>
</ul>

<ul class="wp-block-list">
<li>hochwertigen Keramikfüllungen</li>
</ul>

<ul class="wp-block-list">
<li>Inlays aus Gold oder Keramik</li>
</ul>

<ul class="wp-block-list">
<li>Wurzelkanalbehandlugen</li>
</ul>
								</div>
				</div>
					</div>
		</div>
					</div>
		</section>
				</div>

<p>Zahnerhaltung Manchmal reichen leider weder gewissenhafte Zahnpflege, noch vorbildliche Mundhygiene, regelmäßige Kontrollbesuche beim Zahnarzt und professionelle Prophylaxebehandlungen aus, um Zahnprobleme völlig zu vermeiden. Doch bevor Sie einen oder gar mehrere Zähne verlieren, sorgen wir mit zahnärztlichem Geschick und den modernsten Behandlungsmethoden für Ihren Zahnerhalt und beraten Sie individuell und kompetent bei der Auswahl des richtigen [&hellip;]</p>
