{"id":283,"date":"2021-04-29T22:09:36","date_gmt":"2021-04-29T20:09:36","guid":{"rendered":"https:\/\/zahnarztpraxis-weber.net\/?page_id=283"},"modified":"2021-05-05T16:01:11","modified_gmt":"2021-05-05T14:01:11","slug":"prophylaxe","status":"publish","type":"page","link":"https:\/\/zahnarztpraxis-weber.net\/?page_id=283","title":{"rendered":"Prophylaxe"},"content":{"rendered":"\t\t<div data-elementor-type=\"wp-page\" data-elementor-id=\"283\" class=\"elementor elementor-283\">\n\t\t\t\t\t\t<section class=\"elementor-section elementor-top-section elementor-element elementor-element-2ee93f2 elementor-section-full_width elementor-section-height-default elementor-section-height-default\" data-id=\"2ee93f2\" data-element_type=\"section\" data-e-type=\"section\">\n\t\t\t\t\t\t<div class=\"elementor-container elementor-column-gap-default\">\n\t\t\t\t\t<div class=\"elementor-column elementor-col-100 elementor-top-column elementor-element elementor-element-69d5670\" data-id=\"69d5670\" data-element_type=\"column\" data-e-type=\"column\">\n\t\t\t<div class=\"elementor-widget-wrap elementor-element-populated\">\n\t\t\t\t\t\t<div class=\"elementor-element elementor-element-798c132 elementor-widget elementor-widget-image\" data-id=\"798c132\" data-element_type=\"widget\" data-e-type=\"widget\" data-widget_type=\"image.default\">\n\t\t\t\t<div class=\"elementor-widget-container\">\n\t\t\t\t\t\t\t\t\t\t\t\t\t\t\t<img fetchpriority=\"high\" decoding=\"async\" width=\"2200\" height=\"861\" src=\"https:\/\/zahnarztpraxis-weber.net\/wp-content\/uploads\/zahnarztpraxis-weber-laecheln-gross.jpg\" class=\"attachment-full size-full wp-image-966\" alt=\"\" srcset=\"https:\/\/zahnarztpraxis-weber.net\/wp-content\/uploads\/zahnarztpraxis-weber-laecheln-gross.jpg 2200w, https:\/\/zahnarztpraxis-weber.net\/wp-content\/uploads\/zahnarztpraxis-weber-laecheln-gross-300x117.jpg 300w, https:\/\/zahnarztpraxis-weber.net\/wp-content\/uploads\/zahnarztpraxis-weber-laecheln-gross-1024x401.jpg 1024w, https:\/\/zahnarztpraxis-weber.net\/wp-content\/uploads\/zahnarztpraxis-weber-laecheln-gross-768x301.jpg 768w, https:\/\/zahnarztpraxis-weber.net\/wp-content\/uploads\/zahnarztpraxis-weber-laecheln-gross-1536x601.jpg 1536w, https:\/\/zahnarztpraxis-weber.net\/wp-content\/uploads\/zahnarztpraxis-weber-laecheln-gross-2048x802.jpg 2048w\" sizes=\"(max-width: 2200px) 100vw, 2200px\" \/>\t\t\t\t\t\t\t\t\t\t\t\t\t\t\t<\/div>\n\t\t\t\t<\/div>\n\t\t\t\t\t<\/div>\n\t\t<\/div>\n\t\t\t\t\t<\/div>\n\t\t<\/section>\n\t\t\t\t<section class=\"elementor-section elementor-top-section elementor-element elementor-element-6800caf9 elementor-section-boxed elementor-section-height-default elementor-section-height-default\" data-id=\"6800caf9\" data-element_type=\"section\" data-e-type=\"section\">\n\t\t\t\t\t\t<div class=\"elementor-container elementor-column-gap-default\">\n\t\t\t\t\t<div class=\"elementor-column elementor-col-100 elementor-top-column elementor-element elementor-element-29d61024\" data-id=\"29d61024\" data-element_type=\"column\" data-e-type=\"column\">\n\t\t\t<div class=\"elementor-widget-wrap elementor-element-populated\">\n\t\t\t\t\t\t<div class=\"elementor-element elementor-element-ea7d37f elementor-widget elementor-widget-heading\" data-id=\"ea7d37f\" data-element_type=\"widget\" data-e-type=\"widget\" data-widget_type=\"heading.default\">\n\t\t\t\t<div class=\"elementor-widget-container\">\n\t\t\t\t\t<h1 class=\"elementor-heading-title elementor-size-default\">Prophylaxe<\/h1>\t\t\t\t<\/div>\n\t\t\t\t<\/div>\n\t\t\t\t<div class=\"elementor-element elementor-element-789bf012 elementor-widget elementor-widget-text-editor\" data-id=\"789bf012\" data-element_type=\"widget\" data-e-type=\"widget\" data-widget_type=\"text-editor.default\">\n\t\t\t\t<div class=\"elementor-widget-container\">\n\t\t\t\t\t\t\t\t\t\n<p>Damit Karies keine Chance bekommt, sollten Sie mindestens zweimal t\u00e4glich f\u00fcr je drei Minuten zur Zahnb\u00fcrste und zur Zahnzwischenraumb\u00fcrste greifen.<\/p>\n\n<p>Auch der regelm\u00e4\u00dfige Kontrollbesuch beim Zahnarzt und die professionelle Zahnreinigung geh\u00f6ren zum n\u00f6tigen Vorsorgeprogramm, um Probleme mit Z\u00e4hnen und Zahnfleisch zu vermeiden und fr\u00fchzeitig zu erkennen.\u00a0\u00a0<\/p>\n\n<p>Daher empfehlen wir grunds\u00e4tzlich alle 6 Monate einen Besuch zur Prophylaxe zu planen. In Abh\u00e4ngigkeit Ihres Bedarfes an Prophylaxe planen wir zusammen mit Ihnen gerne Ihren individuellen Vorsorgeplan.<\/p>\n\n<p>Bei l\u00fcckenloser Dokumentation Ihrer Zahnarztbesuche honoriert die gesetzliche Krankenkasse Ihr vorbildliches Vorsorgeverhalten mit h\u00f6heren Leistungss\u00e4tzen. Denken Sie daher immer an Ihr Bonusheft!<\/p>\n\n<p>\u00a0<\/p>\n\n<h5 class=\"has-medium-font-size\">Unser Vorsorgespektrum umfasst:<\/h5>\n<p>\u00a0<\/p>\n\n<ul class=\"wp-block-list\">\n<li>Professionelle Zahnreinigung (PZR)<\/li>\n<\/ul>\n\n<ul class=\"wp-block-list\">\n<li>Fissurenversiegelung<\/li>\n<\/ul>\n\n<ul class=\"wp-block-list\">\n<li>Fluoridma\u00dfnahmen zur Kariesprophylaxe<\/li>\n<\/ul>\n\n<ul class=\"wp-block-list\">\n<li>Kariesfr\u00fcherkennung durch digitales R\u00f6ntgen<\/li>\n<\/ul>\n\n<ul class=\"wp-block-list\">\n<li>Beratung von werdenden M\u00fcttern\u00a0<\/li>\n<\/ul>\n\n<ul class=\"wp-block-list\">\n<li>Prothesenreinigung<\/li>\n<\/ul>\n\n<ul class=\"wp-block-list\">\n<li>Fr\u00fcherkennung von Mundh\u00f6hlenkrebs<\/li>\n<\/ul>\n\t\t\t\t\t\t\t\t<\/div>\n\t\t\t\t<\/div>\n\t\t\t\t\t<\/div>\n\t\t<\/div>\n\t\t\t\t\t<\/div>\n\t\t<\/section>\n\t\t\t\t<\/div>\n\t\t","protected":false},"excerpt":{"rendered":"<p>Prophylaxe Damit Karies keine Chance bekommt, sollten Sie mindestens zweimal t\u00e4glich f\u00fcr je drei Minuten zur Zahnb\u00fcrste und zur Zahnzwischenraumb\u00fcrste greifen. Auch der regelm\u00e4\u00dfige Kontrollbesuch beim Zahnarzt und die professionelle Zahnreinigung geh\u00f6ren zum n\u00f6tigen Vorsorgeprogramm, um Probleme mit Z\u00e4hnen und Zahnfleisch zu vermeiden und fr\u00fchzeitig zu erkennen.\u00a0\u00a0 Daher empfehlen wir grunds\u00e4tzlich alle 6 Monate einen [&hellip;]<\/p>\n","protected":false},"author":1,"featured_media":0,"parent":0,"menu_order":0,"comment_status":"closed","ping_status":"closed","template":"elementor_header_footer","meta":{"_regular_price":[],"currency_symbol":[],"footnotes":""},"class_list":["post-283","page","type-page","status-publish","hentry"],"post_slider_layout_featured_media_urls":{"thumbnail":"","post_slider_layout_landscape_large":"","post_slider_layout_portrait_large":"","post_slider_layout_square_large":"","post_slider_layout_landscape":"","post_slider_layout_portrait":"","post_slider_layout_square":"","full":""},"_links":{"self":[{"href":"https:\/\/zahnarztpraxis-weber.net\/index.php?rest_route=\/wp\/v2\/pages\/283","targetHints":{"allow":["GET"]}}],"collection":[{"href":"https:\/\/zahnarztpraxis-weber.net\/index.php?rest_route=\/wp\/v2\/pages"}],"about":[{"href":"https:\/\/zahnarztpraxis-weber.net\/index.php?rest_route=\/wp\/v2\/types\/page"}],"author":[{"embeddable":true,"href":"https:\/\/zahnarztpraxis-weber.net\/index.php?rest_route=\/wp\/v2\/users\/1"}],"replies":[{"embeddable":true,"href":"https:\/\/zahnarztpraxis-weber.net\/index.php?rest_route=%2Fwp%2Fv2%2Fcomments&post=283"}],"version-history":[{"count":32,"href":"https:\/\/zahnarztpraxis-weber.net\/index.php?rest_route=\/wp\/v2\/pages\/283\/revisions"}],"predecessor-version":[{"id":1163,"href":"https:\/\/zahnarztpraxis-weber.net\/index.php?rest_route=\/wp\/v2\/pages\/283\/revisions\/1163"}],"wp:attachment":[{"href":"https:\/\/zahnarztpraxis-weber.net\/index.php?rest_route=%2Fwp%2Fv2%2Fmedia&parent=283"}],"curies":[{"name":"wp","href":"https:\/\/api.w.org\/{rel}","templated":true}]}}

<div data-elementor-type="wp-page" data-elementor-id="283" class="elementor elementor-283">
						<section class="elementor-section elementor-top-section elementor-element elementor-element-2ee93f2 elementor-section-full_width elementor-section-height-default elementor-section-height-default" data-id="2ee93f2" data-element_type="section" data-e-type="section">
						<div class="elementor-container elementor-column-gap-default">
					<div class="elementor-column elementor-col-100 elementor-top-column elementor-element elementor-element-69d5670" data-id="69d5670" data-element_type="column" data-e-type="column">
			<div class="elementor-widget-wrap elementor-element-populated">
						<div class="elementor-element elementor-element-798c132 elementor-widget elementor-widget-image" data-id="798c132" data-element_type="widget" data-e-type="widget" data-widget_type="image.default">
				<div class="elementor-widget-container">
															<img fetchpriority="high" decoding="async" width="2200" height="861" src="https://zahnarztpraxis-weber.net/wp-content/uploads/zahnarztpraxis-weber-laecheln-gross.jpg" class="attachment-full size-full wp-image-966" alt="" srcset="https://zahnarztpraxis-weber.net/wp-content/uploads/zahnarztpraxis-weber-laecheln-gross.jpg 2200w, https://zahnarztpraxis-weber.net/wp-content/uploads/zahnarztpraxis-weber-laecheln-gross-300x117.jpg 300w, https://zahnarztpraxis-weber.net/wp-content/uploads/zahnarztpraxis-weber-laecheln-gross-1024x401.jpg 1024w, https://zahnarztpraxis-weber.net/wp-content/uploads/zahnarztpraxis-weber-laecheln-gross-768x301.jpg 768w, https://zahnarztpraxis-weber.net/wp-content/uploads/zahnarztpraxis-weber-laecheln-gross-1536x601.jpg 1536w, https://zahnarztpraxis-weber.net/wp-content/uploads/zahnarztpraxis-weber-laecheln-gross-2048x802.jpg 2048w" sizes="(max-width: 2200px) 100vw, 2200px" />															</div>
				</div>
					</div>
		</div>
					</div>
		</section>
				<section class="elementor-section elementor-top-section elementor-element elementor-element-6800caf9 elementor-section-boxed elementor-section-height-default elementor-section-height-default" data-id="6800caf9" data-element_type="section" data-e-type="section">
						<div class="elementor-container elementor-column-gap-default">
					<div class="elementor-column elementor-col-100 elementor-top-column elementor-element elementor-element-29d61024" data-id="29d61024" data-element_type="column" data-e-type="column">
			<div class="elementor-widget-wrap elementor-element-populated">
						<div class="elementor-element elementor-element-ea7d37f elementor-widget elementor-widget-heading" data-id="ea7d37f" data-element_type="widget" data-e-type="widget" data-widget_type="heading.default">
				<div class="elementor-widget-container">
					<h1 class="elementor-heading-title elementor-size-default">Prophylaxe</h1>				</div>
				</div>
				<div class="elementor-element elementor-element-789bf012 elementor-widget elementor-widget-text-editor" data-id="789bf012" data-element_type="widget" data-e-type="widget" data-widget_type="text-editor.default">
				<div class="elementor-widget-container">
									
<p>Damit Karies keine Chance bekommt, sollten Sie mindestens zweimal täglich für je drei Minuten zur Zahnbürste und zur Zahnzwischenraumbürste greifen.</p>

<p>Auch der regelmäßige Kontrollbesuch beim Zahnarzt und die professionelle Zahnreinigung gehören zum nötigen Vorsorgeprogramm, um Probleme mit Zähnen und Zahnfleisch zu vermeiden und frühzeitig zu erkennen.  </p>

<p>Daher empfehlen wir grundsätzlich alle 6 Monate einen Besuch zur Prophylaxe zu planen. In Abhängigkeit Ihres Bedarfes an Prophylaxe planen wir zusammen mit Ihnen gerne Ihren individuellen Vorsorgeplan.</p>

<p>Bei lückenloser Dokumentation Ihrer Zahnarztbesuche honoriert die gesetzliche Krankenkasse Ihr vorbildliches Vorsorgeverhalten mit höheren Leistungssätzen. Denken Sie daher immer an Ihr Bonusheft!</p>

<p> </p>

<h5 class="has-medium-font-size">Unser Vorsorgespektrum umfasst:</h5>
<p> </p>

<ul class="wp-block-list">
<li>Professionelle Zahnreinigung (PZR)</li>
</ul>

<ul class="wp-block-list">
<li>Fissurenversiegelung</li>
</ul>

<ul class="wp-block-list">
<li>Fluoridmaßnahmen zur Kariesprophylaxe</li>
</ul>

<ul class="wp-block-list">
<li>Kariesfrüherkennung durch digitales Röntgen</li>
</ul>

<ul class="wp-block-list">
<li>Beratung von werdenden Müttern </li>
</ul>

<ul class="wp-block-list">
<li>Prothesenreinigung</li>
</ul>

<ul class="wp-block-list">
<li>Früherkennung von Mundhöhlenkrebs</li>
</ul>
								</div>
				</div>
					</div>
		</div>
					</div>
		</section>
				</div>

<p>Prophylaxe Damit Karies keine Chance bekommt, sollten Sie mindestens zweimal täglich für je drei Minuten zur Zahnbürste und zur Zahnzwischenraumbürste greifen. Auch der regelmäßige Kontrollbesuch beim Zahnarzt und die professionelle Zahnreinigung gehören zum nötigen Vorsorgeprogramm, um Probleme mit Zähnen und Zahnfleisch zu vermeiden und frühzeitig zu erkennen.   Daher empfehlen wir grundsätzlich alle 6 Monate einen [&hellip;]</p>
