{"id":213,"date":"2021-04-21T17:44:42","date_gmt":"2021-04-21T15:44:42","guid":{"rendered":"https:\/\/zahnarztpraxis-weber.net\/?page_id=213"},"modified":"2021-05-04T20:27:06","modified_gmt":"2021-05-04T18:27:06","slug":"notdienst","status":"publish","type":"page","link":"https:\/\/zahnarztpraxis-weber.net\/?page_id=213","title":{"rendered":"Notdienst"},"content":{"rendered":"\t\t<div data-elementor-type=\"wp-page\" data-elementor-id=\"213\" class=\"elementor elementor-213\">\n\t\t\t\t\t\t<section class=\"elementor-section elementor-top-section elementor-element elementor-element-0501ebc elementor-section-full_width elementor-section-height-default elementor-section-height-default\" data-id=\"0501ebc\" data-element_type=\"section\" data-e-type=\"section\">\n\t\t\t\t\t\t<div class=\"elementor-container elementor-column-gap-default\">\n\t\t\t\t\t<div class=\"elementor-column elementor-col-100 elementor-top-column elementor-element elementor-element-25c3e9e\" data-id=\"25c3e9e\" data-element_type=\"column\" data-e-type=\"column\">\n\t\t\t<div class=\"elementor-widget-wrap elementor-element-populated\">\n\t\t\t\t\t\t<div class=\"elementor-element elementor-element-9143c56 elementor-widget elementor-widget-image\" data-id=\"9143c56\" data-element_type=\"widget\" data-e-type=\"widget\" data-widget_type=\"image.default\">\n\t\t\t\t<div class=\"elementor-widget-container\">\n\t\t\t\t\t\t\t\t\t\t\t\t\t\t\t<img fetchpriority=\"high\" decoding=\"async\" width=\"2200\" height=\"861\" src=\"https:\/\/zahnarztpraxis-weber.net\/wp-content\/uploads\/zahnarztpraxis-weber-laecheln-gross.jpg\" class=\"attachment-full size-full wp-image-966\" alt=\"\" srcset=\"https:\/\/zahnarztpraxis-weber.net\/wp-content\/uploads\/zahnarztpraxis-weber-laecheln-gross.jpg 2200w, https:\/\/zahnarztpraxis-weber.net\/wp-content\/uploads\/zahnarztpraxis-weber-laecheln-gross-300x117.jpg 300w, https:\/\/zahnarztpraxis-weber.net\/wp-content\/uploads\/zahnarztpraxis-weber-laecheln-gross-1024x401.jpg 1024w, https:\/\/zahnarztpraxis-weber.net\/wp-content\/uploads\/zahnarztpraxis-weber-laecheln-gross-768x301.jpg 768w, https:\/\/zahnarztpraxis-weber.net\/wp-content\/uploads\/zahnarztpraxis-weber-laecheln-gross-1536x601.jpg 1536w, https:\/\/zahnarztpraxis-weber.net\/wp-content\/uploads\/zahnarztpraxis-weber-laecheln-gross-2048x802.jpg 2048w\" sizes=\"(max-width: 2200px) 100vw, 2200px\" \/>\t\t\t\t\t\t\t\t\t\t\t\t\t\t\t<\/div>\n\t\t\t\t<\/div>\n\t\t\t\t\t<\/div>\n\t\t<\/div>\n\t\t\t\t\t<\/div>\n\t\t<\/section>\n\t\t\t\t<section class=\"elementor-section elementor-top-section elementor-element elementor-element-31684d3b elementor-section-boxed elementor-section-height-default elementor-section-height-default\" data-id=\"31684d3b\" data-element_type=\"section\" data-e-type=\"section\">\n\t\t\t\t\t\t<div class=\"elementor-container elementor-column-gap-default\">\n\t\t\t\t\t<div class=\"elementor-column elementor-col-100 elementor-top-column elementor-element elementor-element-59b4d9fc\" data-id=\"59b4d9fc\" data-element_type=\"column\" data-e-type=\"column\">\n\t\t\t<div class=\"elementor-widget-wrap elementor-element-populated\">\n\t\t\t\t\t\t<div class=\"elementor-element elementor-element-3d653de elementor-widget elementor-widget-heading\" data-id=\"3d653de\" data-element_type=\"widget\" data-e-type=\"widget\" data-widget_type=\"heading.default\">\n\t\t\t\t<div class=\"elementor-widget-container\">\n\t\t\t\t\t<h1 class=\"elementor-heading-title elementor-size-default\">Notdienst<\/h1>\t\t\t\t<\/div>\n\t\t\t\t<\/div>\n\t\t\t\t<div class=\"elementor-element elementor-element-2de7a17f elementor-widget elementor-widget-text-editor\" data-id=\"2de7a17f\" data-element_type=\"widget\" data-e-type=\"widget\" data-widget_type=\"text-editor.default\">\n\t\t\t\t<div class=\"elementor-widget-container\">\n\t\t\t\t\t\t\t\t\t\n<p>Bei Zahnmedizinischen Notf\u00e4llen au\u00dferhalb unserer Sprechzeiten erreichen Sie den Zahn\u00e4rztlichen Notdienst des Kreises Nordrhein unter der kostenlosen Rufnummer:<\/p>\n<p>\u00a0<\/p>\n\n<p><strong>01805 986700<\/strong><\/p>\n\n<p>\u00a0<\/p>\n<p>Dort erhalten Sie weitere Informationen zur diensthabenden Notfallpraxis.<\/p>\n\t\t\t\t\t\t\t\t<\/div>\n\t\t\t\t<\/div>\n\t\t\t\t\t<\/div>\n\t\t<\/div>\n\t\t\t\t\t<\/div>\n\t\t<\/section>\n\t\t\t\t<\/div>\n\t\t","protected":false},"excerpt":{"rendered":"<p>Notdienst Bei Zahnmedizinischen Notf\u00e4llen au\u00dferhalb unserer Sprechzeiten erreichen Sie den Zahn\u00e4rztlichen Notdienst des Kreises Nordrhein unter der kostenlosen Rufnummer: \u00a0 01805 986700 \u00a0 Dort erhalten Sie weitere Informationen zur diensthabenden Notfallpraxis.<\/p>\n","protected":false},"author":1,"featured_media":0,"parent":0,"menu_order":0,"comment_status":"closed","ping_status":"closed","template":"elementor_header_footer","meta":{"_regular_price":[],"currency_symbol":[],"footnotes":""},"class_list":["post-213","page","type-page","status-publish","hentry"],"post_slider_layout_featured_media_urls":{"thumbnail":"","post_slider_layout_landscape_large":"","post_slider_layout_portrait_large":"","post_slider_layout_square_large":"","post_slider_layout_landscape":"","post_slider_layout_portrait":"","post_slider_layout_square":"","full":""},"_links":{"self":[{"href":"https:\/\/zahnarztpraxis-weber.net\/index.php?rest_route=\/wp\/v2\/pages\/213","targetHints":{"allow":["GET"]}}],"collection":[{"href":"https:\/\/zahnarztpraxis-weber.net\/index.php?rest_route=\/wp\/v2\/pages"}],"about":[{"href":"https:\/\/zahnarztpraxis-weber.net\/index.php?rest_route=\/wp\/v2\/types\/page"}],"author":[{"embeddable":true,"href":"https:\/\/zahnarztpraxis-weber.net\/index.php?rest_route=\/wp\/v2\/users\/1"}],"replies":[{"embeddable":true,"href":"https:\/\/zahnarztpraxis-weber.net\/index.php?rest_route=%2Fwp%2Fv2%2Fcomments&post=213"}],"version-history":[{"count":20,"href":"https:\/\/zahnarztpraxis-weber.net\/index.php?rest_route=\/wp\/v2\/pages\/213\/revisions"}],"predecessor-version":[{"id":1079,"href":"https:\/\/zahnarztpraxis-weber.net\/index.php?rest_route=\/wp\/v2\/pages\/213\/revisions\/1079"}],"wp:attachment":[{"href":"https:\/\/zahnarztpraxis-weber.net\/index.php?rest_route=%2Fwp%2Fv2%2Fmedia&parent=213"}],"curies":[{"name":"wp","href":"https:\/\/api.w.org\/{rel}","templated":true}]}}

<div data-elementor-type="wp-page" data-elementor-id="213" class="elementor elementor-213">
						<section class="elementor-section elementor-top-section elementor-element elementor-element-0501ebc elementor-section-full_width elementor-section-height-default elementor-section-height-default" data-id="0501ebc" data-element_type="section" data-e-type="section">
						<div class="elementor-container elementor-column-gap-default">
					<div class="elementor-column elementor-col-100 elementor-top-column elementor-element elementor-element-25c3e9e" data-id="25c3e9e" data-element_type="column" data-e-type="column">
			<div class="elementor-widget-wrap elementor-element-populated">
						<div class="elementor-element elementor-element-9143c56 elementor-widget elementor-widget-image" data-id="9143c56" data-element_type="widget" data-e-type="widget" data-widget_type="image.default">
				<div class="elementor-widget-container">
															<img fetchpriority="high" decoding="async" width="2200" height="861" src="https://zahnarztpraxis-weber.net/wp-content/uploads/zahnarztpraxis-weber-laecheln-gross.jpg" class="attachment-full size-full wp-image-966" alt="" srcset="https://zahnarztpraxis-weber.net/wp-content/uploads/zahnarztpraxis-weber-laecheln-gross.jpg 2200w, https://zahnarztpraxis-weber.net/wp-content/uploads/zahnarztpraxis-weber-laecheln-gross-300x117.jpg 300w, https://zahnarztpraxis-weber.net/wp-content/uploads/zahnarztpraxis-weber-laecheln-gross-1024x401.jpg 1024w, https://zahnarztpraxis-weber.net/wp-content/uploads/zahnarztpraxis-weber-laecheln-gross-768x301.jpg 768w, https://zahnarztpraxis-weber.net/wp-content/uploads/zahnarztpraxis-weber-laecheln-gross-1536x601.jpg 1536w, https://zahnarztpraxis-weber.net/wp-content/uploads/zahnarztpraxis-weber-laecheln-gross-2048x802.jpg 2048w" sizes="(max-width: 2200px) 100vw, 2200px" />															</div>
				</div>
					</div>
		</div>
					</div>
		</section>
				<section class="elementor-section elementor-top-section elementor-element elementor-element-31684d3b elementor-section-boxed elementor-section-height-default elementor-section-height-default" data-id="31684d3b" data-element_type="section" data-e-type="section">
						<div class="elementor-container elementor-column-gap-default">
					<div class="elementor-column elementor-col-100 elementor-top-column elementor-element elementor-element-59b4d9fc" data-id="59b4d9fc" data-element_type="column" data-e-type="column">
			<div class="elementor-widget-wrap elementor-element-populated">
						<div class="elementor-element elementor-element-3d653de elementor-widget elementor-widget-heading" data-id="3d653de" data-element_type="widget" data-e-type="widget" data-widget_type="heading.default">
				<div class="elementor-widget-container">
					<h1 class="elementor-heading-title elementor-size-default">Notdienst</h1>				</div>
				</div>
				<div class="elementor-element elementor-element-2de7a17f elementor-widget elementor-widget-text-editor" data-id="2de7a17f" data-element_type="widget" data-e-type="widget" data-widget_type="text-editor.default">
				<div class="elementor-widget-container">
									
<p>Bei Zahnmedizinischen Notfällen außerhalb unserer Sprechzeiten erreichen Sie den Zahnärztlichen Notdienst des Kreises Nordrhein unter der kostenlosen Rufnummer:</p>
<p> </p>

<p><strong>01805 986700</strong></p>

<p> </p>
<p>Dort erhalten Sie weitere Informationen zur diensthabenden Notfallpraxis.</p>
								</div>
				</div>
					</div>
		</div>
					</div>
		</section>
				</div>

<p>Notdienst Bei Zahnmedizinischen Notfällen außerhalb unserer Sprechzeiten erreichen Sie den Zahnärztlichen Notdienst des Kreises Nordrhein unter der kostenlosen Rufnummer:   01805 986700   Dort erhalten Sie weitere Informationen zur diensthabenden Notfallpraxis.</p>
