{"id":112,"date":"2021-04-21T07:27:35","date_gmt":"2021-04-21T05:27:35","guid":{"rendered":"https:\/\/zahnarztpraxis-weber.net\/?page_id=112"},"modified":"2021-05-02T18:03:47","modified_gmt":"2021-05-02T16:03:47","slug":"impressum","status":"publish","type":"page","link":"https:\/\/zahnarztpraxis-weber.net\/?page_id=112","title":{"rendered":"Impressum"},"content":{"rendered":"\t\t<div data-elementor-type=\"wp-page\" data-elementor-id=\"112\" class=\"elementor elementor-112\">\n\t\t\t\t\t\t<section class=\"elementor-section elementor-top-section elementor-element elementor-element-3b1ee85a elementor-section-boxed elementor-section-height-default elementor-section-height-default\" data-id=\"3b1ee85a\" data-element_type=\"section\" data-e-type=\"section\">\n\t\t\t\t\t\t<div class=\"elementor-container elementor-column-gap-default\">\n\t\t\t\t\t<div class=\"elementor-column elementor-col-100 elementor-top-column elementor-element elementor-element-4ca2485f\" data-id=\"4ca2485f\" data-element_type=\"column\" data-e-type=\"column\">\n\t\t\t<div class=\"elementor-widget-wrap elementor-element-populated\">\n\t\t\t\t\t\t<div class=\"elementor-element elementor-element-d0247a4 elementor-widget elementor-widget-heading\" data-id=\"d0247a4\" data-element_type=\"widget\" data-e-type=\"widget\" data-widget_type=\"heading.default\">\n\t\t\t\t<div class=\"elementor-widget-container\">\n\t\t\t\t\t<h1 class=\"elementor-heading-title elementor-size-default\">Impressum<\/h1>\t\t\t\t<\/div>\n\t\t\t\t<\/div>\n\t\t\t\t<div class=\"elementor-element elementor-element-cf33399 elementor-widget elementor-widget-text-editor\" data-id=\"cf33399\" data-element_type=\"widget\" data-e-type=\"widget\" data-widget_type=\"text-editor.default\">\n\t\t\t\t<div class=\"elementor-widget-container\">\n\t\t\t\t\t\t\t\t\t\n<p>\u00a0<\/p>\n\n<p>\u00a0<\/p>\n\n<h4 class=\"wp-block-heading\">Inhaltliche Verantwortung gem\u00e4\u00df <em>\u00a7 55 Abs.\u00a01 RStV<\/em><\/h4>\n\n<p>Simone Weber<br \/>Zahn\u00e4rztin<\/p>\n\n<p>Opladener Str. 120<br \/>40764 Langenfeld<\/p>\n\n<p>Tel:\u00a002173 2044090<br \/>Email:\u00a0<a href=\"mailto:zahnarztweber@t-online.de\">zahnarztweber@t-online.de<\/a><\/p>\n\n<p>Approbation verliehen im Bundesland NRW \/ Bundesrepublik Deutschland<\/p>\n\n<p>\u00a0<\/p>\n\n<h4 class=\"wp-block-heading\">Kammerzugeh\u00f6rigkeit<\/h4>\n\n<ul class=\"wp-block-list\">\n<li><a href=\"https:\/\/www.zahnaerztekammernordrhein.de\" target=\"_blank\" rel=\"noreferrer noopener\" data-type=\"URL\" data-id=\"https:\/\/www.zahnaerztekammernordrhein.de\">Zahn\u00e4rztekammer Nordrhein<\/a> <br \/>Emanuel-Leutze-Stra\u00dfe 8, 40547 D\u00fcsseldorf<\/li>\n<\/ul>\n\n<p>\u00a0<\/p>\n\n<h4 class=\"wp-block-heading\">Zust\u00e4ndige Aufsichts\u00adbeh\u00f6rde<\/h4>\n\n<ul class=\"wp-block-list\">\n<li><a href=\"https:\/\/www.kzvnr.de\" target=\"_blank\" rel=\"noreferrer noopener\" data-type=\"URL\" data-id=\"https:\/\/www.kzvnr.de\">Kassenzahn\u00e4rztliche Vereinigung Nordrhein<\/a><br \/>Lindemannstra\u00dfe 34-42, 40237 D\u00fcsseldorf<\/li>\n<\/ul>\n\n<p>\u00a0<\/p>\n\n<h4 class=\"wp-block-heading\">Geltendes Berufsrecht<\/h4>\n\n<ul class=\"wp-block-list\">\n<li><a href=\"https:\/\/www.zahnaerztekammernordrhein.de\/fileadmin\/user_upload\/Downloads\/Rechtsvorschriften\/Berufsordnung_der_ZAEK_Nordrhein.pdf\" target=\"_blank\" rel=\"noreferrer noopener\" data-type=\"URL\" data-id=\"https:\/\/www.zahnaerztekammernordrhein.de\/fileadmin\/user_upload\/Downloads\/Rechtsvorschriften\/Berufsordnung_der_ZAEK_Nordrhein.pdf\">Berufsordnung Zahn\u00e4rzte Nordrhein<\/a><\/li>\n<li><a href=\"http:\/\/www.gesetze-im-internet.de\/zhg\/index.html\" target=\"_blank\" rel=\"noreferrer noopener\">Zahnheilkundegesetz<\/a><\/li>\n<\/ul>\n\n<p>\u00a0<\/p>\n\n<h4 class=\"wp-block-heading\">Streit\u00adbeilegungs\u00adgesetz<\/h4>\n\n<p>Bitte beachten Sie, dass wir weder bereit noch verpflichtet sind, an einem Streitbeilegungsverfahren vor einer Verbraucherschlichtungsstelle teilzunehmen.<\/p>\n\n<p>\u00a0<\/p>\n\n<h4 class=\"wp-block-heading\">Urheberrecht<\/h4>\n\n<p>Copyright 2021 Zahnarztpraxis Simone Weber, 40764 Langenfeld<br \/>Die durch die Seitenbetreiber erstellten Inhalte und Werke auf diesen Seiten unterliegen dem deutschen Urheberrecht. Beitr\u00e4ge Dritter sind als solche gekennzeichnet. Die Vervielf\u00e4ltigung, Bearbeitung, Verbreitung und jede Art der Verwertung au\u00dferhalb der Grenzen des Urheberrechtes bed\u00fcrfen der schriftlichen Zustimmung des jeweiligen Autors bzw. Erstellers. Downloads und Kopien dieser Seite sind nur f\u00fcr den privaten, nicht kommerziellen Gebrauch gestattet. Die Betreiber der Seiten sind bem\u00fcht, stets die Urheberrechte anderer zu beachten bzw. auf selbst erstellte sowie lizenzfreie Werke zur\u00fcckzugreifen.<\/p>\n\t\t\t\t\t\t\t\t<\/div>\n\t\t\t\t<\/div>\n\t\t\t\t\t<\/div>\n\t\t<\/div>\n\t\t\t\t\t<\/div>\n\t\t<\/section>\n\t\t\t\t<\/div>\n\t\t","protected":false},"excerpt":{"rendered":"<p>Impressum \u00a0 \u00a0 Inhaltliche Verantwortung gem\u00e4\u00df \u00a7 55 Abs.\u00a01 RStV Simone WeberZahn\u00e4rztin Opladener Str. 12040764 Langenfeld Tel:\u00a002173 2044090Email:\u00a0zahnarztweber@t-online.de Approbation verliehen im Bundesland NRW \/ Bundesrepublik Deutschland \u00a0 Kammerzugeh\u00f6rigkeit Zahn\u00e4rztekammer Nordrhein Emanuel-Leutze-Stra\u00dfe 8, 40547 D\u00fcsseldorf \u00a0 Zust\u00e4ndige Aufsichts\u00adbeh\u00f6rde Kassenzahn\u00e4rztliche Vereinigung NordrheinLindemannstra\u00dfe 34-42, 40237 D\u00fcsseldorf \u00a0 Geltendes Berufsrecht Berufsordnung Zahn\u00e4rzte Nordrhein Zahnheilkundegesetz \u00a0 Streit\u00adbeilegungs\u00adgesetz Bitte beachten Sie, [&hellip;]<\/p>\n","protected":false},"author":1,"featured_media":0,"parent":0,"menu_order":0,"comment_status":"closed","ping_status":"closed","template":"elementor_header_footer","meta":{"_regular_price":[],"currency_symbol":[],"footnotes":""},"class_list":["post-112","page","type-page","status-publish","hentry"],"post_slider_layout_featured_media_urls":{"thumbnail":"","post_slider_layout_landscape_large":"","post_slider_layout_portrait_large":"","post_slider_layout_square_large":"","post_slider_layout_landscape":"","post_slider_layout_portrait":"","post_slider_layout_square":"","full":""},"_links":{"self":[{"href":"https:\/\/zahnarztpraxis-weber.net\/index.php?rest_route=\/wp\/v2\/pages\/112","targetHints":{"allow":["GET"]}}],"collection":[{"href":"https:\/\/zahnarztpraxis-weber.net\/index.php?rest_route=\/wp\/v2\/pages"}],"about":[{"href":"https:\/\/zahnarztpraxis-weber.net\/index.php?rest_route=\/wp\/v2\/types\/page"}],"author":[{"embeddable":true,"href":"https:\/\/zahnarztpraxis-weber.net\/index.php?rest_route=\/wp\/v2\/users\/1"}],"replies":[{"embeddable":true,"href":"https:\/\/zahnarztpraxis-weber.net\/index.php?rest_route=%2Fwp%2Fv2%2Fcomments&post=112"}],"version-history":[{"count":24,"href":"https:\/\/zahnarztpraxis-weber.net\/index.php?rest_route=\/wp\/v2\/pages\/112\/revisions"}],"predecessor-version":[{"id":844,"href":"https:\/\/zahnarztpraxis-weber.net\/index.php?rest_route=\/wp\/v2\/pages\/112\/revisions\/844"}],"wp:attachment":[{"href":"https:\/\/zahnarztpraxis-weber.net\/index.php?rest_route=%2Fwp%2Fv2%2Fmedia&parent=112"}],"curies":[{"name":"wp","href":"https:\/\/api.w.org\/{rel}","templated":true}]}}

<div data-elementor-type="wp-page" data-elementor-id="112" class="elementor elementor-112">
						<section class="elementor-section elementor-top-section elementor-element elementor-element-3b1ee85a elementor-section-boxed elementor-section-height-default elementor-section-height-default" data-id="3b1ee85a" data-element_type="section" data-e-type="section">
						<div class="elementor-container elementor-column-gap-default">
					<div class="elementor-column elementor-col-100 elementor-top-column elementor-element elementor-element-4ca2485f" data-id="4ca2485f" data-element_type="column" data-e-type="column">
			<div class="elementor-widget-wrap elementor-element-populated">
						<div class="elementor-element elementor-element-d0247a4 elementor-widget elementor-widget-heading" data-id="d0247a4" data-element_type="widget" data-e-type="widget" data-widget_type="heading.default">
				<div class="elementor-widget-container">
					<h1 class="elementor-heading-title elementor-size-default">Impressum</h1>				</div>
				</div>
				<div class="elementor-element elementor-element-cf33399 elementor-widget elementor-widget-text-editor" data-id="cf33399" data-element_type="widget" data-e-type="widget" data-widget_type="text-editor.default">
				<div class="elementor-widget-container">
									
<p> </p>

<p> </p>

<h4 class="wp-block-heading">Inhaltliche Verantwortung gemäß <em>§ 55 Abs. 1 RStV</em></h4>

<p>Simone Weber<br />Zahnärztin</p>

<p>Opladener Str. 120<br />40764 Langenfeld</p>

<p>Tel: 02173 2044090<br />Email: <a href="mailto:zahnarztweber@t-online.de">zahnarztweber@t-online.de</a></p>

<p>Approbation verliehen im Bundesland NRW / Bundesrepublik Deutschland</p>

<p> </p>

<h4 class="wp-block-heading">Kammerzugehörigkeit</h4>

<ul class="wp-block-list">
<li><a href="https://www.zahnaerztekammernordrhein.de" target="_blank" rel="noreferrer noopener" data-type="URL" data-id="https://www.zahnaerztekammernordrhein.de">Zahnärztekammer Nordrhein</a> <br />Emanuel-Leutze-Straße 8, 40547 Düsseldorf</li>
</ul>

<p> </p>

<h4 class="wp-block-heading">Zuständige Aufsichts­behörde</h4>

<ul class="wp-block-list">
<li><a href="https://www.kzvnr.de" target="_blank" rel="noreferrer noopener" data-type="URL" data-id="https://www.kzvnr.de">Kassenzahnärztliche Vereinigung Nordrhein</a><br />Lindemannstraße 34-42, 40237 Düsseldorf</li>
</ul>

<p> </p>

<h4 class="wp-block-heading">Geltendes Berufsrecht</h4>

<ul class="wp-block-list">
<li><a href="https://www.zahnaerztekammernordrhein.de/fileadmin/user_upload/Downloads/Rechtsvorschriften/Berufsordnung_der_ZAEK_Nordrhein.pdf" target="_blank" rel="noreferrer noopener" data-type="URL" data-id="https://www.zahnaerztekammernordrhein.de/fileadmin/user_upload/Downloads/Rechtsvorschriften/Berufsordnung_der_ZAEK_Nordrhein.pdf">Berufsordnung Zahnärzte Nordrhein</a></li>
<li><a href="http://www.gesetze-im-internet.de/zhg/index.html" target="_blank" rel="noreferrer noopener">Zahnheilkundegesetz</a></li>
</ul>

<p> </p>

<h4 class="wp-block-heading">Streit­beilegungs­gesetz</h4>

<p>Bitte beachten Sie, dass wir weder bereit noch verpflichtet sind, an einem Streitbeilegungsverfahren vor einer Verbraucherschlichtungsstelle teilzunehmen.</p>

<p> </p>

<h4 class="wp-block-heading">Urheberrecht</h4>

<p>Copyright 2021 Zahnarztpraxis Simone Weber, 40764 Langenfeld<br />Die durch die Seitenbetreiber erstellten Inhalte und Werke auf diesen Seiten unterliegen dem deutschen Urheberrecht. Beiträge Dritter sind als solche gekennzeichnet. Die Vervielfältigung, Bearbeitung, Verbreitung und jede Art der Verwertung außerhalb der Grenzen des Urheberrechtes bedürfen der schriftlichen Zustimmung des jeweiligen Autors bzw. Erstellers. Downloads und Kopien dieser Seite sind nur für den privaten, nicht kommerziellen Gebrauch gestattet. Die Betreiber der Seiten sind bemüht, stets die Urheberrechte anderer zu beachten bzw. auf selbst erstellte sowie lizenzfreie Werke zurückzugreifen.</p>
								</div>
				</div>
					</div>
		</div>
					</div>
		</section>
				</div>

<p>Impressum     Inhaltliche Verantwortung gemäß § 55 Abs. 1 RStV Simone WeberZahnärztin Opladener Str. 12040764 Langenfeld Tel: 02173 2044090Email: zahnarztweber@t-online.de Approbation verliehen im Bundesland NRW / Bundesrepublik Deutschland   Kammerzugehörigkeit Zahnärztekammer Nordrhein Emanuel-Leutze-Straße 8, 40547 Düsseldorf   Zuständige Aufsichts­behörde Kassenzahnärztliche Vereinigung NordrheinLindemannstraße 34-42, 40237 Düsseldorf   Geltendes Berufsrecht Berufsordnung Zahnärzte Nordrhein Zahnheilkundegesetz   Streit­beilegungs­gesetz Bitte beachten Sie, [&hellip;]</p>
